 by 1916?
1915
What is the remainder when 56718856 is divided by 479?
466
What is the remainder when 44521078 is divided by 4946786?
4
What is the remainder when 25314 is divided by 9263?
6788
What is the remainder when 248336 is divided by 247808?
528
What is the remainder when 1539653 is divided by 86?
81
Calculate the remainder when 2891276 is divided by 14.
10
What is the remainder when 252165 is divided by 235?
10
Calculate the remainder when 2032201 is divided by 283.
261
Calculate the remainder when 281699 is divided by 2290.
29
What is the remainder when 148696 is divided by 280?
16
What is the remainder when 2905243 is divided by 4778?
219
What is the remainder when 272234970 is divided by 809?
807
Calculate the remainder when 2391954 is divided by 597978.
42
What is the remainder when 1067638 is divided by 487?
134
What is the remainder when 1445597 is divided by 1445585?
12
What is the remainder when 32240613 is divided by 26?
15
What is the remainder when 36951393 is divided by 67?
22
What is the remainder when 3067066 is divided by 2681?
2
What is the remainder when 5180052 is divided by 932?
928
What is the remainder when 2903425 is divided by 1969?
1119
What is the remainder when 2657233 is divided by 858?
7
Calculate the remainder when 13715005 is divided by 476.
17
Calculate the remainder when 726101 is divided by 145177.
216
Calculate the remainder when 1374678393 is divided by 3655.
3653
Calculate the remainder when 2967 is divided by 460.
207
Calculate the remainder when 795104 is divided by 397123.
858
What is the remainder when 9346360 is divided by 4673158?
44
What is the remainder when 2331719 is divided by 180?
179
Calculate the remainder when 5812527 is divided by 64.
47
Calculate the remainder when 23943 is divided by 4770.
93
Calculate the remainder when 1063971 is divided by 1146.
483
Calculate the remainder when 97799031 is divided by 18.
9
Calculate the remainder when 13183445 is divided by 22.
11
Calculate the remainder when 790164 is divided by 98767.
28
What is the remainder when 7814494 is divided by 1953618?
22
What is the remainder when 6653151 is divided by 352?
351
Calculate the remainder when 254650 is divided by 127318.
14
What is the remainder when 6706223 is divided by 89?
73
What is the remainder when 2125649 is divided by 74?
73
What is the remainder when 4197799 is divided by 235?
229
Calculate the remainder when 30956 is divided by 198.
68
What is the remainder when 32022442 is divided by 17?
1
Calculate the remainder when 54554 is divided by 54526.
28
What is the remainder when 12239154 is divided by 2017?
2015
What is the remainder when 496253 is divided by 13347?
2414
What is the remainder when 134871 is divided by 604?
179
What is the remainder when 4690077 is divided by 126758?
31
Calculate the remainder when 427225 is divided by 538.
53
Calculate the remainder when 5702397 is divided by 900.
897
Calculate the remainder when 57358 is divided by 2068.
1522
What is the remainder when 328013 is divided by 426?
419
Calculate the remainder when 8070026 is divided by 71416.
18
Calculate the remainder when 8801740 is divided by 34248.
4
Calculate the remainder when 25599231 is divided by 262.
259
Calculate the remainder when 35290163 is divided by 51.
50
What is the remainder when 1659585 is divided by 46?
43
Calculate the remainder when 91639 is divided by 145.
144
Calculate the remainder when 38388 is divided by 17868.
2652
What is the remainder when 1062058994 is divided by 287?
283
Calculate the remainder when 120945 is divided by 5745.
300
What is the remainder when 403486772 is divided by 49?
45
What is the remainder when 8979 is divided by 4354?
271
Calculate the remainder when 11144745 is divided by 77.
73
What is the remainder when 6297175 is divided by 560?
535
What is the remainder when 56996 is divided by 18212?
2360
Calculate the remainder when 559840223 is divided by 139960054.
7
Calculate the remainder when 83541 is divided by 13905.
111
Calculate the remainder when 285930 is divided by 43.
23
Calculate the remainder when 579350 is divided by 1020.
1010
Calculate the remainder when 32139 is divided by 240.
219
What is the remainder when 11190491 is divided by 516?
515
Calculate the remainder when 540361 is divided by 10006.
37
What is the remainder when 112483400 is divided by 1862?
1842
What is the remainder when 3225088 is divided by 129003?
13
Calculate the remainder when 10501 is divided by 685.
226
Calculate the remainder when 1180444 is divided by 24592.
28
Calculate the remainder when 135030 is divided by 1262.
1258
What is the remainder when 472999 is divided by 472957?
42
What is the remainder when 1763936 is divided by 881968?
0
What is the remainder when 1898290 is divided by 346?
134
What is the remainder when 955689 is divided by 13550?
7189
Calculate the remainder when 13806691 is divided by 27.
25
Calculate the remainder when 97331 is divided by 2083.
1513
Calculate the remainder when 340653 is divided by 42431.
1205
Calculate the remainder when 4015425 is divided by 27.
12
What is the remainder when 7340 is divided by 1484?
1404
What is the remainder when 35939 is divided by 1632?
35
What is the remainder when 12869419 is divided by 313887?
52
Calculate the remainder when 38300416 is divided by 414.
34
What is the remainder when 10700545 is divided by 1575?
1570
Calculate the remainder when 8338170 is divided by 1042260.
90
What is the remainder when 1375587 is divided by 137557?
17
What is the remainder when 140339 is divided by 5199?
5165
Calculate the remainder when 76920362 is divided by 27.
8
Calculate the remainder when 377720614 is divided by 5096.
5094
What is the remainder when 24217 is divided by 23611?
606
What is the remainder when 21940486 is divided by 17?
14
What is the remainder when 1771039 is divided by 394?
9
Calculate the remainder when 82223 is divided by 59.
36
Calculate the remainder when 81717 is divided by 81458.
259
Calculate the remainder when 5365085 is divided by 2682542.
1
What is the remainder when 272301 is divided by 4690?
281
What is the remainder when 3908387 is divided by 957?
956
What is the remainder when 25325 is divided by 1402?
89
Calculate the remainder when 1093855 is divided by 109385.
5
Calculate the remainder when 718919567 is divided by 3048.
3047
Calculate the remainder when 51589 is divided by 51578.
11
What is the remainder when 447409 is divided by 7430?
1609
Calculate the remainder when 26198543 is divided by 1346.
1345
Calculate the remainder when 30703615 is divided by 35619.
37
Calculate the remainder when 1335734 is divided by 275.
59
Calculate the remainder when 80088195 is divided by 85.
5
Calculate the remainder when 36241 is divided by 2251.
225
What is the remainder when 8061649 is divided by 29?
26
What is the remainder when 23477957 is divided by 110?
107
What is the remainder when 345243 is divided by 12784?
75
Calculate the remainder when 1411839 is divided by 20.
19
What is the remainder when 3975 is divided by 3758?
217
What is the remainder when 817358 is divided by 1434?
1412
What is the remainder when 769935 is divided by 109987?
26
What is the remainder when 2474051 is divided by 9556?
8603
What is the remainder when 5278119 is divided by 148?
143
What is the remainder when 285356358 is divided by 19?
13
Calculate the remainder when 48504 is divided by 1155.
1149
What is the remainder when 21016392 is divided by 328381?
8
What is the remainder when 61833167 is divided by 48?
47
Calculate the remainder when 6272 is divided by 5.
2
Calculate the remainder when 427332 is divided by 4848.
708
What is the remainder when 1059173727 is divided by 8577?
8574
Calculate the remainder when 2847719 is divided by 28477.
19
Calculate the remainder when 1130893 is divided by 268.
201
What is the remainder when 18794 is divided by 4564?
538
Calculate the remainder when 586174 is divided by 146511.
130
Calculate the remainder when 1164456 is divided by 582145.
166
Calculate the remainder when 7003570 is divided by 2239.
2217
What is the remainder when 19500 is divided by 16996?
2504
Calculate the remainder when 9166847 is divided by 350.
347
Calculate the remainder when 234399 is divided by 1831.
31
Calculate t